False
Let o = -493 + 517. Suppose 6*j - o*j + 84762 = 0. Is j a composite number?
True
Let a(x) = 519*x + 4. Let r be (-14)/4*(4 + 96/(-21)). Suppose u + o = -r, -3*o = -0*u - 3*u + 12. Is a(u) prime?
True
Let f(k) = -4572*k + 347. Is f(-6) prime?
True
Let k(j) = 99*j**2 - 26*j + 69. Let x(q) = q**2 - q - 1. Let g(i) = k(i) + 2*x(i). Is g(-16) composite?
False
Let f(d) = 875*d**2 - 21*d + 1. Let y = -114 - -111. Is f(y) a prime number?
False
Suppose 3313354 = 13*j + 19*j - 3253590. Is j a composite number?
True
Suppose 3*u - 8*v = 337371, 349538 = 5*u + 4*v - 212591. Is u a prime number?
False
Let r be 62/4 + (-2)/4. Let d = r + -430. Let k = d + 882. Is k prime?
True
Let k(i) = 45*i**2 - 10*i + 99. Let b be k(8). Is b - (-2 + (0 - -3))*0 prime?
False
Let a be 20/(-3)*(-12)/10. Suppose 13*d = a + 44. Suppose -f - d*f + 745 = 0. Is f prime?
True
Suppose 15*d - 2620 = 13*d. Let o = d - 836. Let h = o + -215. Is h a composite number?
True
Suppose -256 = 7*c - 74. Let b = 28 - c. Suppose 4*n + b = 542. Is n composite?
True
Let p(f) = 8*f**3 + 5*f**2 - 2*f. Let t be -1*(-9)/(-6)*-2. Let h be p(t). Suppose -4*b + h = -b. Is b a prime number?
False
Suppose -191*h - 52*h + 135423657 = 0. Is h composite?
True
Let s(x) be the third derivative of 3*x**5/10 - x**4 - 37*x**3/6 + x**2 + 27*x. Is s(18) composite?
True
Suppose 155*o + 68994 = -172*o + 345*o. Is o composite?
False
Suppose g + 200548 + 373565 = h, -3*h = 5*g - 1722403. Is h a composite number?
True
Suppose -h + t = -2 + 16, 0 = 5*t - 20. Let z(c) = 132*c + 2. Let w be z(h). Is w/(-3)*2 - (-6)/18 prime?
False
Suppose -x - 2*v = 11, -28*v + 23 = 2*x - 33*v. Let j be (3 + 0)*1/(-1). Is 2 + x*2715/j prime?
True
Suppose -2*j + 245521 = 5*w, 5*w + 9*j - 245524 = 6*j. Is w prime?
True
Suppose 57 + 708 = 5*j. Let n = j + -17. Let f = 31 + n. Is f a prime number?
True
Let s(i) = 172*i**2 - 254*i + 1601. Is s(-73) composite?
False
Suppose j - 221058 = 12*s - 14*s, -16 = -4*j. Is s a composite number?
False
Let q = 284 - 143. Let v = 7663 - q. Is v a composite number?
True
Suppose -2*d = 2*c, -d + 3*c - 11 = 5. Let g be 45/d*(52/12 - 7). Suppose -34*m + g*m = -3916. Is m composite?
True
Let i(w) = w**2 - 2*w + 157. Let y = 7 + -7. Let x be i(y). Suppose x = -3*z - 5*r + 835, -2*z + 3*r = -452. Is z prime?
False
Let q(x) = 3236*x**2 - 85*x - 1114. Is q(-15) composite?
False
Suppose 8*f - 1231 = 1393. Suppose 2037 - f = v. Is v a prime number?
True
Suppose -2*b - 283 + 2241 = 0. Let q = -493 + b. Suppose -p = -1393 + q. Is p a prime number?
True
Suppose 5*h = 5*f - 55, -2*f - h + 6 = -1. Suppose -5371 = -f*g + 143. Is g composite?
False
Let d = -335538 + 598685. Is d prime?
False
Suppose -a + 0*a + 3 = 0, -4*c = 3*a - 25805. Suppose -2*g + 7383 = 2*s - 5533, g - 2*s = c. Is g composite?
True
Let d = -45974 + 104187. Is d composite?
True
Suppose 4*x - z = 4052, 0 = x - 3*z - 7 - 1017. Is x/8 + (-3)/(-6) a composite number?
False
Let b = 13796 - -1072707. Is b a composite number?
True
Let w(t) = -20*t - 35 + 8*t**2 + 603*t**3 - 286*t**3 - 287*t**3. Is w(11) prime?
False
Let h = -1100 - -13293. Is h prime?
False
Is 3/10 - (-10550335)/50 prime?
True
Let s = 10435972 - 5387713. Is s a prime number?
False
Let q = 15659 + 2382. Is q composite?
False
Suppose -s + 21 = 73. Let b = s + 56. Is -5013*(-1)/b - (-2)/(-8) a composite number?
True
Let z = -178 - -181. Suppose z*a - 2712 - 909 = 0. Is a composite?
True
Let r(y) = y**3 - 5*y**2 - 28*y - 4. Let c be r(8). Let u(s) = 4*s**2 + 78*s - 74. Is u(c) a prime number?
False
Let l(b) be the third derivative of 8*b**5/15 - 53*b**4/12 + 55*b**3/6 - 33*b**2 - 5. Is l(-32) a composite number?
True
Let y(m) = -2*m**2 - m + 1. Let x be y(1). Let u(o) = -473*o**3 + 4*o**2 + o - 5. Is u(x) a prime number?
True
Let m = 49286 - 31329. Is m prime?
True
Let z(w) = 165*w**3 + 17*w**2 + 79*w + 166. Is z(11) a composite number?
False
Let n be 102/17 + 1/(-1). Let h = -104 - -106. Suppose 0 = n*c - h*f - 3385, 689 = c - 0*f + 2*f. Is c a prime number?
False
Is 1457281/(-38)*(-2)/1 a composite number?
True
Let t(q) = -q - 9. Let z be t(-11). Suppose j = z*j - 4. Suppose b = -j*b + 1595. Is b a composite number?
True
Let t be (508/(-10))/((2 - 9)/280). Suppose -6*m + t = -1142. Is m prime?
False
Let s(j) = -8*j**3 - 3*j - 4. Let y be s(-1). Suppose 0 = y*t - 2*t - 164955. Is 2/3*(t/14)/1 composite?
False
Let t(f) = 10*f**2 - 57*f - 14. Suppose 8*v - 80 - 136 = 0. Is t(v) composite?
False
Suppose 4*s - 241 + 77 = -2*m, -5*s = 5*m - 415. Is -1*m/9*1737/(-12) a composite number?
True
Suppose -h - 3 = -4*r, r - 5 = -3*h + 6*r. Suppose 2*l + 180 = h*l - j, 4*l - 242 = 2*j. Is l composite?
False
Suppose -12*w + 16*w - 5*r - 70710 = 0, 0 = w + r - 17682. Let d = w - 1781. Is d prime?
False
Suppose -5*o + 842338 = 4*z, 2*z + 70464 - 491636 = -3*o. Is z a composite number?
True
Suppose 5382 = 2*v + 864. Suppose -3*t = 4*h - 1835, 804 = 5*t + 2*h - v. Is t a prime number?
True
Let p = 54 - 49. Let i be 3/p - -12*(-294)/(-45). Let y = i + 1480. Is y a composite number?
False
Suppose 11217 = h + 3718. Is h a prime number?
True
Let i = 217559 - 81166. Is i composite?
False
Let b be (1398/(-15))/(1/35). Suppose 3*m + 3*g = -15, -10 = 4*g + 10. Is (b/(-7))/(m - (-4)/2) composite?
False
Is 8 + 867896/88 - 6/(-11) a composite number?
False
Let p = -140 + 1158. Let n = p + 493. Is n a prime number?
True
Let z = 1988036 - 1305255. Is z prime?
False
Let k be 6/(4*(-9)/(-12)). Suppose -6*c = k*c - 2360. Suppose n + 36 = c. Is n a prime number?
False
Let c = 18553 + -12357. Is -2*(c/(-8) - -3) a prime number?
True
Let d(v) = 14*v + 15. Suppose -4*f - 4 = -3*c, 2*c - 20 = -2*f - 2*c. Suppose -o + 8 = 2*k + f*k, 0 = 3*k. Is d(o) a composite number?
False
Suppose 4781 = 3*l - 2695. Suppose o - 3*o = -m + 623, 4*m - l = 5*o. Suppose 0 = g + 2*b - m, 4*g = -0*b + 2*b + 2532. Is g a composite number?
False
Is ((-568)/20)/((-118)/93515) a prime number?
False
Let q = -99 + 100. Let b(u) = -u + 1. Let m(t) = t**2 + 26*t + 56. Let a(j) = q*m(j) + 5*b(j). Is a(-25) prime?
False
Let j(d) = d**2 + 4*d - 13. Let u be j(-6). Let p be u*(-29274)/9*(-6 - -3). Let h = -2623 - p. Is h prime?
False
Suppose 22*m = 23*m - 17207. Suppose -5*d = -3*i - 5601 - m, 9125 = 2*d - 3*i. Is d composite?
False
Let w be (-30)/(-5) + -1 + -1. Suppose 5*a - 8 = a. Is a - (-2505 + w + 0) a prime number?
True
Let s = 351658 - 203157. Is s composite?
False
Suppose 0 = -161*b + 11648776 - 2800943 + 7370180. Is b composite?
False
Is (3/8 - 10/80) + (-5316102)/(-8) composite?
True
Suppose 114893 = 38*c - 19*c. Is c a composite number?
False
Suppose 3*w + f = -45, 4*w + 3*f = -0*f - 65. Let o be ((-6)/(-5))/(w/(-35)). Suppose 4*q + 398 - 1069 = -3*p, -2*p = -o*q - 436. Is p a prime number?
False
Let x(a) = 158*a + 477406. Is x(0) prime?
False
Let k(t) = 93*t**2 - 97*t + 269. Is k(-60) prime?
True
Suppose -3*l - 211780 = -651943. Is l a prime number?
False
Let b be (-2305)/2 + 153/(-18) + 7. Let w = 2559 + b. Is w composite?
True
Let j = -150 - -158. Suppose 38*d + j*d = 119002. Is d a prime number?
False
Let a(c) = 210*c**3 + 4 + 0 + 14 - 21 - 3*c**2 + 2*c. Suppose -2*z - 3*h = z - 21, z - 5*h + 23 = 0. Is a(z) composite?
False
Suppose -283369903 + 67411062 = -211*t + 126897802. Is t a composite number?
False
Suppose -x + 15 = -4*x. Let p be (x - -4)*(-5 + -1). Is (-12)/p + (1 - -702) prime?
True
Let w(x) be the first derivative of -4*x + 127/2*x**2 - 25. Is w(15) a composite number?
False
Suppose -p - 9 = -5*x, -p + 3*x = -11 + 12. Suppose -2*f + 328 = -4*n, f + n - 186 = -10. Suppose f = -p*t + 15*t. Is t a composite number?
False
Let x = 510 + -86. Let d(z) = 2*z + 31. Let y be d(-13). Suppose 0 = h + q - x, -3*h - y*q + 32 = -1250. Is h a composite number?
False
Let i(w) = 440*w**2 - 18*w - 93. Is i(-8) a prime number?
True
Let v be (-2)/4*2*(2 - 0). Let q(m) = -175*m**3 - 2*m**2 - 4*m - 3. Is q(v) composite?
True
Is -502*2/8*(-708 + -86) prime?
False
Suppose -18*u - 18129 = -19*u. Let p = u + -9866. Is p a prime number?
True
Let n(u) = 2*u**2 + 41*u + 26. Let b be n(-20). Let a(j) = 647*j - 65. Is a(b) prime?
False
Let b = 634631 - -21092. Is b prime?
True
Let x(r) = 3*r**3 + 338*r + 4. Is x(23) composite?
False
Let h be ((-664)/(2 - -2))/(